-2)/5 + (-6)/(-15). Suppose p = -3*m + 170 - s. Calculate the highest common divisor of 5 and m.
5
Let y be (-2)/(-10) + 25/(250/808). Calculate the greatest common divisor of 108 and y.
27
Suppose -5 + 4 = -2*n + 3*k, 4*n = -4*k + 32. Suppose v = -x + 15, -n*x - 4 - 6 = 0. What is the highest common divisor of 17 and v?
17
Let b(d) = d**2 + d - 214. Let x be b(15). Suppose -49 = -v - 2*g, 3*g = 9 + 6. Calculate the greatest common factor of v and x.
13
Let n = -1206 + 1756. Calculate the greatest common factor of n and 150.
50
Let i be 1/(-2)*(-1 + -1). Suppose k + k - 4 = 0. Suppose -k*h = 4*b - 14, 3*b + 3 = h + 6. Calculate the greatest common factor of i and h.
1
Let r be ((-24)/20)/(-3)*-20. Let k be (-6)/r - (-1309)/4. What is the greatest common divisor of k and 41?
41
Let o = -99 + 142. Calculate the highest common factor of 559 and o.
43
Let y = -1156 - -1662. What is the highest common factor of 44 and y?
22
Let k be (-50)/20*(0 + 348/(-10)). Suppose 19*i - 24*i = -290. What is the highest common divisor of i and k?
29
Let h(j) = 8*j**2 - 51*j - 1. Let o be h(9). Calculate the greatest common factor of o and 4.
4
Let h(i) = -i**2 - 16*i + 27. Let u be h(-17). What is the greatest common divisor of 1270 and u?
10
Suppose 2*k + 5*p = 122 + 408, -5*k + 1304 = 2*p. Suppose -2*i - 3*o = -i - 35, -124 = -5*i + 2*o. What is the highest common divisor of i and k?
26
Let q = -7 + 9. Let u be ((-1)/q)/(6/(-60)). Suppose 0 = 2*z + 2*z - 4. What is the greatest common factor of u and z?
1
Suppose -7*v = 6*v - 2379. Suppose 4*t - 3*p = v, 3*p + 96 = 2*t + 3. What is the greatest common divisor of 30 and t?
15
Suppose -3*f + 0*f = 0. Suppose f*d + 3*d + 3*y = 21, -3*d + 4*y + 35 = 0. Calculate the highest common factor of 99 and d.
9
Let q(a) = -3*a - 6. Let l be q(-4). Let y(m) = 3*m**3 + 16*m**2 + 4*m + 1. Let w be y(-5). What is the highest common divisor of w and l?
6
Let k(n) = -19*n + 8. Let b(c) = 39*c - 16. Let g(s) = -4*b(s) - 7*k(s). Let q be g(-3). Calculate the highest common factor of 7 and q.
7
Let g = -14 + -19. Let x be g/(-55) - (-237)/5. Calculate the highest common divisor of x and 16.
16
Let g be (-1975)/(-15) + (-1)/(-3). Suppose 3*u = 3*a - 573, 4*u + 240 = 2*a - g. Calculate the highest common divisor of a and 28.
28
Suppose 3*i - 11*i = -24. Let r(s) = 3 - 1 + 2*s + 4. Let k be r(i). What is the greatest common factor of 30 and k?
6
Suppose 72*r - 2610 = 14*r. What is the highest common factor of 295 and r?
5
Suppose -7*o = -4*o - 4*g - 58, 5*g = 3*o - 62. Calculate the highest common divisor of 2 and o.
2
Let m(n) = 15*n - 402. Let p be m(27). What is the highest common divisor of 24 and p?
3
Suppose t + 3*h = 0, -t - 6 = -h - 14. Let f(z) = 8*z - 5 - t + 0 - z**2. Let g be f(4). Calculate the highest common factor of g and 35.
5
Suppose -11*h = 3*h - 4270. Calculate the highest common divisor of 5 and h.
5
Suppose -10*c + 90 = -110. Calculate the greatest common factor of c and 55.
5
Suppose -22715 = -21*u - 4697. Calculate the highest common factor of u and 22.
22
Let s = -57 + 81. Let f(r) be the third derivative of r**5/30 + 13*r**4/24 + r**3/2 + 8*r**2. Let d be f(-9). What is the greatest common factor of d and s?
24
Suppose q = -5*y - 16, -y = 4*q - 4*y - 28. Let b(k) = 7*k - 1. Let l be b(5). Let a be (-4)/(-6) + l/3. What is the greatest common factor of q and a?
4
Let l(u) = -u**3 - 35*u**2 - 36*u - 29. Let a be l(-34). Calculate the greatest common divisor of a and 143.
13
Let k(o) = -o**3 - 6*o**2 + 10*o + 9. Let p be k(-8). What is the greatest common factor of 627 and p?
57
Let x be (32/(-3))/(-4)*(156 - 12). Calculate the greatest common factor of 24 and x.
24
Let t be 36/126 + -22*9/(-42). What is the highest common divisor of t and 16?
1
Let w be 6 + (-3 - -2) - (1 - 1). Suppose -y + 0*y = w*k - 4, k = 0. What is the greatest common divisor of y and 28?
4
Let w = -761 - -785. What is the greatest common divisor of w and 15?
3
Let j(y) = -42*y**3 - 4*y**2 - 5*y - 3. Let q(d) = d**2 + d + 1. Let l(p) = -j(p) - 4*q(p). Let u be l(1). Calculate the greatest common factor of 21 and u.
21
Let x = -97 + 157. What is the greatest common factor of x and 135?
15
Suppose -4 = -5*k + 6, 5*x = 5*k + 420. Suppose 3*w - x = -5. Calculate the highest common factor of 9 and w.
9
Let a(y) = y**3 + 8*y**2 + 6*y + 12. Let r be a(-6). Suppose 4*x - 28 + 1 = -t, 5*t + 25 = 0. Calculate the greatest common factor of r and x.
8
Suppose 0 = 5*p - 7*p - 36. Let k = 26 + p. Let a(g) = g**2 + 6*g. Let v be a(-8). What is the highest common divisor of k and v?
8
Let m = 32 - 25. What is the highest common divisor of 301 and m?
7
Suppose 0 = -3*o + 2*o + 3. Suppose -5*a - 3*v = -1387, 271 = -2*a + o*a - v. Suppose 6*g = 4*g + 50. Calculate the highest common factor of a and g.
25
Let h = 163 - 119. Calculate the highest common factor of 4 and h.
4
Let r(g) = -3*g**2 - 3*g**2 - 2*g - 1 - 16*g**3 + 4*g**2. Let o be r(-1). Calculate the highest common factor of 30 and o.
15
Let b be (-2)/(-6) - (-17)/3. Let y = 5626 - 5602. What is the highest common factor of y and b?
6
Let c be (-1 + (-70)/6)/(31/(-186)). Let l = -20 + 39. What is the greatest common divisor of c and l?
19
Let s(w) = 1 + 0 - 20*w**3 - 13*w**3 + w. Let d = -282 + 281. Let j be s(d). What is the greatest common divisor of j and 11?
11
Let m(f) = f**2 - 15*f - 2. Let u be m(7). Suppose 0 = -3*w - 194 - 124. Let d = u - w. Calculate the greatest common factor of d and 16.
16
Let i(q) = 78*q**2 + 3*q + 3. Let z be i(-1). Suppose z = 5*k - 102. What is the greatest common divisor of 9 and k?
9
Suppose -110 = -2*h + 3*z, 0*z - z = h - 55. What is the greatest common divisor of 99 and h?
11
Let k(q) = 5*q - 5. Let f be k(4). Let x = 16 + -8. Let z = x - 3. What is the highest common divisor of z and f?
5
Let x(s) = 4*s**2 + 20*s + 56. Let t be x(-3). What is the highest common factor of t and 168?
8
Let s(f) = f + 76. Let z be s(29). Calculate the greatest common divisor of z and 135.
15
Suppose l + 0*c + 2*c - 115 = 0, 5*l - c - 630 = 0. Suppose 0 = -13*m + 8*m + l. Let i = 65 + m. What is the greatest common divisor of i and 10?
10
Suppose -30*s + 20*s = -60. Calculate the highest common divisor of 2 and s.
2
Suppose 0*q = -4*k - 5*q + 3, 0 = 2*k - 3*q - 7. Let w = 91 + -89. Calculate the greatest common factor of w and k.
2
Let h(z) = z**3 + 6*z**2 + 2*z + 6. Let w be h(-6). Let j be (w/(-5))/(-3) - 394/(-10). What is the greatest common divisor of 13 and j?
13
Let j(f) = -f**3 + f. Let v(o) = 7*o**3 - 26*o**2 - 35*o + 22. Let d(p) = -6*j(p) - v(p). Let b be d(27). Calculate the highest common divisor of 96 and b.
32
Suppose 3*t + 3*q = 5*q + 152, 97 = 2*t + 3*q. Let b be (4 - -16)*(-1 + 11). What is the highest common divisor of t and b?
50
Suppose -910 = -9*a + 4*a. Let b = a + -56. Let d be ((-2)/(-6))/(6/b). What is the highest common divisor of d and 21?
7
Let v = -40 + 1. Let s = v - -42. What is the highest common divisor of 24 and s?
3
Suppose -4*a + 518 = 2*p - 24, 4*a - 541 = -3*p. Calculate the highest common divisor of 28 and a.
4
Suppose 0 = c + 2*c - 9. Let x be (c - 60/(-2))/1. Let b(f) = -f**2 + 7*f + 11. Let g be b(8). What is the greatest common divisor of x and g?
3
Let m be (-550)/(-8) - ((-7)/(-4))/(-7). Let t = 119 - m. What is the highest common divisor of 75 and t?
25
Suppose 2*w = 3*p + 248 - 97, 4*w + 3*p = 311. What is the greatest common divisor of w and 21?
7
Suppose -52*h + 8 = -50*h. Suppose -h*v = -8*v + 468. What is the greatest common factor of v and 13?
13
Let l(u) = 11*u**3 + u - 1. Let t be l(1). Let n be 9600/432 + 6/(-27). Calculate the greatest common divisor of n and t.
11
Let z(w) = 14*w - 39. Let b be z(9). What is the highest common divisor of 29 and b?
29
Suppose p = -3*p + 1568. Suppose -y = y - p. What is the highest common factor of y and 28?
28
Suppose -2*m = -12*m + 90. What is the highest common divisor of m and 3?
3
Let f = 14 - 8. Let i be 40/100 + (-506)/(-10). Suppose 21 = -5*t + i. Calculate the greatest common factor of t and f.
6
Let d be (-32 + 11 + 1)/(0 - 1). Calculate the highest common factor of 100 and d.
20
Let a = 178 + -124. What is the greatest common factor of a and 414?
18
Let j(y) = -4*y - 5. Suppos